4*g**2. Let u be (-6)/12*-1*10. Determine t(u).
2
Let g(m) = m**2 + 3*m - 2. Let a be g(-4). Suppose a*c - 3 = -5*u, -u + 5*u = -c. Let n(b) = 5*b - 1 + 5*b - 4*b. What is n(u)?
-7
Let g(l) = l - 4. Let p(j) = j**3 + 4*j**2 + 3*j + 1. Let n be p(-2). Give g(n).
-1
Let c(a) = -2*a - 1 + 2*a + a. Let b(x) = -6*x**3 - x + 2. Let p be b(1). Calculate c(p).
-6
Let y(p) = p**2 - p - 4. Suppose -8 = -4*r + 3*s, 0 = -7*r + 4*r - 5*s + 35. Let k = -8 + r. What is y(k)?
8
Suppose -40 = 4*k + 4*j, -4*j = 4*k - 8*j + 8. Let g be (-26)/(-10) + k/(-15). Let z(w) = g*w - 2*w**2 + w**2 + 0 + 0. What is z(3)?
0
Let q = 2 + 3. Let g(u) = -u**2 + 4*u. Let c(h) = 2*h**2 - 8*h - 1. Let j(y) = -3*c(y) - 5*g(y). What is j(q)?
-2
Let o(w) be the first derivative of 2 - 6*w + 1/4*w**4 + w**3 - 2*w**2. What is o(-4)?
-6
Let l(y) = 0*y**3 + y**3 + 24*y - 5 + 4*y**2 - 32*y + 1. What is l(-5)?
11
Suppose 2*r = -7 - 5. Let u(j) be the second derivative of j**3/6 + 2*j**2 - 2*j. Give u(r).
-2
Let q(g) = g**3 + 6*g**2 + 3*g - 3. Let o be q(-5). Let k(n) = -6*n + 7 + 10*n - 2 + 9*n. Let f(r) = -4*r - 2. Let d(s) = o*f(s) + 2*k(s). What is d(-4)?
4
Let v = -35 + 39. Let g(n) = -n**2 + 3*n + 2. What is g(v)?
-2
Let b be (1 - 0) + 6/6. Let g(f) = -6 + 7 + b + 5*f. Give g(-2).
-7
Let h = 6 - 0. Let n(d) = -d. Let y(l) = -l**3 - 2*l**2 + 10*l. Let s(t) = h*n(t) + y(t). Let i(u) = -u**2 + 7*u - 9. Let z be i(6). Calculate s(z).
-3
Let z(n) be the third derivative of -n**5/30 - n**4/8 + 2*n**3/3 + 7*n**2. Give z(-3).
-5
Let t(p) = p - 1. Let y = -18 + 19. Calculate t(y).
0
Let k(x) = -7*x + 3. Let m(j) = 39*j - 12. Let i = 1 - -3. Let y(w) = -19*w + 6. Let p(a) = i*m(a) + 9*y(a). Let q(h) = 13*k(h) - 6*p(h). Determine q(4).
-1
Let i = 3 - 5. Let c(v) be the first derivative of v - 2 + 1/2*v**2. Calculate c(i).
-1
Suppose 4*v = -m - 25, -1 = m - 0. Let k(l) = -l**2 - 8*l - 6. What is k(v)?
6
Let n(x) = -x**3 - 2*x**2 - 3*x - 3. Suppose 6 = -5*w - 4. Calculate n(w).
3
Let r be 4/(-10) - ((-192)/30 + 6). Let d(l) be the second derivative of r*l**3 + 2*l + 1/12*l**4 - 1/20*l**5 + 0 + l**2. Calculate d(0).
2
Let l(s) be the third derivative of -s**6/120 + s**5/10 - s**4/8 - 2*s**3/3 - 33*s**2. Determine l(4).
16
Let m(u) = u - 3. Let k = -55 - 5. Let i be ((-2)/5)/((-6)/k). Determine m(i).
-7
Let i(f) = 10*f**2 + 31*f + 30. Let m(y) = -7*y**2 - 21*y - 20. Let u(d) = -5*i(d) - 7*m(d). What is u(-7)?
-3
Let p(o) = -o + 1. Let b(c) = c**2 + c - 2. Let h(k) = -b(k) - 3*p(k). Give h(2).
-1
Let d(w) = w - 13. Let z = 155 - 149. Give d(z).
-7
Let d(w) be the second derivative of w**5/20 - w**4/12 + w**3/6 + 5*w**2/2 + 5*w. What is d(0)?
5
Let z(g) = 2*g**3 - g**2 - 3*g + 3. Let s(a) = -10*a - 18. Let v be s(-2). What is z(v)?
9
Suppose -6 = 2*n - 4*n. Let v(i) = -i + n*i - i**2 + 5*i - 6. Let p be v(5). Let l(a) = a - 5. Determine l(p).
-1
Let z(k) = -k**3 + k**2 - k + 1. Let v(d) = 4*d**3 + d**2 + 5*d - 8. Let w(f) = -v(f) - 3*z(f). What is w(-4)?
13
Let g(c) = c - 4. Suppose -2*w + 24 = -w. Suppose -5*d + d = -w. What is g(d)?
2
Let w(h) = h**3 - 5*h**2 + 5. Let c be w(5). Let o(p) = p. Let a(j) = 3*j. Let d(u) = 4*a(u) - 11*o(u). What is d(c)?
5
Let d = -6 - -13. Let a = d + -11. Let h(j) = 2 - j**2 + 6 - 3 - 4*j. What is h(a)?
5
Let w(c) = 5*c + 4. Let k(i) be the third derivative of 1/6*i**4 + 4*i**2 + 0*i + 0 + 2/3*i**3. Let v(f) = -4*k(f) + 3*w(f). Calculate v(-4).
0
Let o be 1 + -4 + -5 + 1. Let b(p) = p**2 + 5*p + 3. Give b(o).
17
Suppose -5*s - 10 = -10*s. Let o(f) = -f**3 + 2*f**2 - 2*f - 2. Give o(s).
-6
Let t(b) = b + 5*b**2 - b**3 - 7*b + 3*b. Let f = -14 - -17. What is t(f)?
9
Suppose t - 5*u - 21 = 0, -3*u + 5*u = -5*t - 30. Let a(v) = -v**2 - 4*v - 2. Let i be a(t). Let x(k) = -k**3 - k**2 - 2*k - 3. Calculate x(i).
5
Let k(w) = -1. Let z(a) = -a**3 - 2*a**2 + 4*a - 2. Let p(g) = k(g) - z(g). Determine p(-3).
4
Let g(o) be the second derivative of 2*o**2 + 1/3*o**3 + 0 - o + 1/20*o**5 + 1/3*o**4. Calculate g(-4).
-4
Let g(p) = 5*p + 1. Let f(a) = -a**2 - 11*a - 3. Let j(r) = -2*f(r) - 5*g(r). Calculate j(3).
10
Let c(f) = -1 + 3 + 3*f**2 - 20*f - f**3 + 33*f - 15*f. Let r(z) = z**3 + 2*z**2 - z + 2. Let v be r(-3). Let u = v + 7. Give c(u).
-4
Let g(u) = -10 - 2 + 8 + 2*u - 3*u. Determine g(0).
-4
Let r(h) = 18*h. Let g be r(-1). Let u = g - -10. Let q be ((-8)/(-3))/(u/(-12)). Let d(j) = -2*j + 6. Calculate d(q).
-2
Suppose -2*q = -128 - 0. Suppose 3*v - q = -v. Suppose -v = m - 3*w, 2*w = 5*m + 4*w - 5. Let b(x) = -3*x**2 - 2*x - 1. Determine b(m).
-2
Let d(v) = -v + 2. Let t be d(-5). Suppose i = -3*f - 0*f - t, -27 = -4*i - f. Let o be i/48 + (-22)/(-12). Let a(c) = 3*c - 2. What is a(o)?
4
Let k(x) = -5*x**2 - 9. Let d(h) = -14*h**2 - 26. Let n(g) = 6*d(g) - 17*k(g). Determine n(-3).
6
Let g(m) = m**3 - 3*m**2 + m - 6. Let k be g(3). Let w(p) = 4*p + 1. Calculate w(k).
-11
Let g(x) = x - 1. Let a(d) = 6*d - 6. Let t(y) = 4*a(y) - 20*g(y). Determine t(3).
8
Let z(w) = -w**2 + w - 1. Let g(u) = -u**3 + 9*u**2 - 3*u + 2. Let a(t) = -g(t) - 3*z(t). Let k(i) = -i**3 - 18*i**2 + 62*i - 15. Let m be k(-21). What is a(m)?
1
Let q(j) = j + 4. Let k(a) = -a - 5. Let i(o) = -3*k(o) - 2*q(o). What is i(-5)?
2
Let t(v) be the first derivative of 1 - 1/3*v**3 - 1/2*v**2 + 4*v. Give t(3).
-8
Let v(p) = 2*p - 2*p + 2*p - 1 + p**2 + 5*p**2. What is v(1)?
7
Let w(b) = -b**3 + 0*b**3 - 14 + 13 + b**2 - 5*b**2. Give w(-5).
24
Let i(n) = n**3 - 9*n**2 + 7*n. Suppose 2*c + 2 + 4 = 0. Let m(p) = -2*p**3 + 17*p**2 - 13*p - 1. Let d(b) = c*m(b) - 5*i(b). Determine d(5).
-2
Let q(k) = k**3 + 3*k**2 - k - 2. Let u be q(-3). Let a(j) = j - 2. What is a(u)?
-1
Let j(n) = -n - 1. Let g be (4 + 0)/2 + 1. Suppose -5*x + 16 = -g*x. Let t = -5 + x. Calculate j(t).
-4
Let z(k) = 8*k**3 + k**2 + k + 1. Let c(s) = 22*s + 2. Let n be c(-1). Let i = n + 19. Calculate z(i).
-7
Let d(u) = -u**3 - 5*u**2 + 7. Let i(c) = 7*c - 3. Let n be -2 + 2 + 2 + 2. Let h be i(n). Suppose -y - 5*m = h, -y + m + 19 = -4*y. Determine d(y).
7
Let c(f) be the third derivative of -f**4/12 - f**3/2 - 6*f**2. Give c(3).
-9
Suppose -a = -2 - 2. Let c = 9 - a. Let v(k) = -k**3 + 5*k**2 - k - 2. What is v(c)?
-7
Let m(c) be the third derivative of -c**5/60 - c**4/4 + 10*c**2. Determine m(-6).
0
Let u(p) be the first derivative of p**3/3 + p**2/2 - 4*p + 1. Let g be (-20)/(-30) - 4/6. Determine u(g).
-4
Let r(l) = l**3 + 3*l**2 - l + 2. Let p be 3 + (2 + 2)*3. Suppose -5*m - 2*w - 93 = 0, -m - 2*w - 74 = 3*m. Let h be (-3)/p - m/(-5). What is r(h)?
-10
Let t(s) = s**2 + s**2 - 3*s + 16*s - 8*s - 2. Calculate t(-4).
10
Let b be 4/5 + -2 + 1/5. Let l(t) be the second derivative of -2*t**3/3 - t**2/2 + t. Give l(b).
3
Suppose 14 = 3*y - 1. Let v(g) = 1 + 0 - 1308*g + 1309*g. Determine v(y).
6
Let d(t) = -4 - 12*t - 2*t**2 - 4*t**3 - 6*t + 16*t - 2*t**2. Let w(n) = -3*n**3 - 3*n**2 - 2*n - 3. Let c(o) = 4*d(o) - 5*w(o). Calculate c(-3).
11
Let l(j) be the first derivative of -j**3/3 - 3*j**2/2 + 4*j - 19. Determine l(-3).
4
Suppose 6*t - 3*t - 3 = 0. Let n(x) = x**2 + 16*x + 6. Let s be n(-16). Let p(j) = 0 - s + 0 + 7*j**3 + 5 + 2*j. What is p(t)?
8
Suppose 2*t - t - 5*w = -4, -w + 1 = 0. Let k(r) = -5*r**3 + 2*r - 1. Calculate k(t).
-4
Let n(x) = 2*x**2 + 5*x - 3. Let z(o) = o**2 + o - 1. Let p(s) = n(s) - z(s). Let l = 12 - 6. Let f = l + -10. What is p(f)?
-2
Suppose 2*d = -2*k + 22, 5*k + 4*d = 3*k + 32. Let r(z) = -k*z**2 + 8*z**2 + 6*z**2. Let q = -19 - -20. Calculate r(q).
8
Let s(a) = -7*a**3 + 1. Let p be (-66)/(-4) + (-4)/8. Let w be p/5 - 4/20. Let z be 1/(-3) + 4/w. Calculate s(z).
-6
Let f(r) = r**3 + 5*r**2 + 6*r + 2. Suppose -5*b - 20 = -65. Suppose b - 1 = -2*j. Calculate f(j).
-6
Let x(n) = -5 + 2 - 36*n + 43*n. Determine x(2).
11
Let r = -3 + 0. Let o(p) = 3*p**3 + p**2 - 3*p + 4. Let c(g) = 4*g**3 + 2*g**2 - 4*g + 4. Let n(k) = 4*c(k) - 5*o(k). Determine n(r).
-1
Suppose -54 = -5*j - 4*j. Let f(b) = -b**2 + 6*b + 3. Calculate f(j).
3
Let x(k) = -k**3 + 4*k**2 + 7*k - 4. Let h = 35 + -30. Determine x(h).
6
Let m(a) = a**2 - 7*a - 8. Suppose 2*v + 9 = 21. Calculate m(v).
-14
Let z(n) = -n**2 - 4*n + 7. Let s(a) = 2*a + 7. Let t be s(-6). Let l be z(t). Let q(k) = -5 - 4*k - 2*k**l + k**2 + 9 + 3. What is q(-6)?
-5
Let 